of 24 and t.
8
Suppose -r - 51 = -0*r. Let l be (-3)/4 - r/4. Let k(u) = u**2 - 3*u - 1. Let y be k(4). Calculate the highest common divisor of l and y.
3
Let y(i) = i**3 + 13*i**2 - i - 1. Let c be y(-13). What is the highest common factor of 12 and c?
12
Let d = 6 - -10. Suppose -3*p - p = -d. What is the greatest common divisor of p and 32?
4
Suppose 15 = 4*v - v + 2*n, v + 3*n = 5. Suppose -p + v = -4. What is the greatest common divisor of 81 and p?
9
Suppose 0 + 10 = 2*n. Suppose -4*a + 28 = 3*j, -3*j = -n*a - 0*j + 62. What is the greatest common factor of 30 and a?
10
Suppose 3*p + 68 = 3*w + 2*p, -4*p - 74 = -3*w. Let x be (-348)/(-22) + 4/w. What is the greatest common divisor of 64 and x?
16
Suppose 0*q = 5*q + 860. Let m = q - -54. Let w = -52 - m. What is the highest common divisor of w and 44?
22
Let a be (-2527)/(-14) - 3/6. What is the highest common factor of 18 and a?
18
Let s(h) = 2*h**3 - 6*h**2 + 7*h - 27. Let q be s(7). Calculate the greatest common factor of q and 46.
46
Let d = 63 - -9. What is the highest common divisor of 8 and d?
8
Let s be (45/(-10))/1*-4. What is the greatest common factor of s and 6?
6
Suppose -4*b + 455 = -3*x, 0 = 3*b + 4*x + x - 363. Let y = 18 + b. Suppose 0 = 4*p - y - 18. Calculate the greatest common divisor of p and 57.
19
Suppose 62 = 2*t - 0*t. What is the greatest common factor of t and 341?
31
Let x(k) = k**2 + 3*k - 7. Let n be x(-5). Suppose -2*w - 9 + n = 0. Let v = 11 + w. What is the greatest common divisor of 4 and v?
4
Let a(h) = -h**3 + 5*h**2 + 5*h - 7. Let y be a(5). Suppose 2*z - 6 = y. Calculate the greatest common divisor of z and 12.
12
Suppose 32 = 4*s - 5*x, 2*s - s + 3*x - 25 = 0. What is the highest common factor of s and 117?
13
Let d be (18 + 3)/(3/12*6). What is the greatest common factor of 7 and d?
7
Suppose 0 = 2*f + 8 - 0. Let t(s) = -s**3 - s**2 + 5*s. Let h be t(f). Let v be (-26)/(-4) - (-2)/4. Calculate the highest common divisor of v and h.
7
Let a = 25 - 1. Let b(c) = 2*c**2 - c. Suppose -4*m = -2*p - 20, -2*m = -2*p - 5 - 9. Let u be b(p). Calculate the highest common divisor of u and a.
12
Let c(q) = 131*q**2 - q. Let w be c(-1). Let z = -90 + w. What is the greatest common factor of 6 and z?
6
Let w be (37/1 - 0)/1. Suppose 39 + w = 4*z. Calculate the greatest common factor of 95 and z.
19
Let m = 0 - -12. Suppose 72 = 5*x - 78. What is the highest common factor of x and m?
6
Suppose 0*i + 6 = i. Let g(a) be the second derivative of a**3/2 + 3*a**2 - a. Let o be g(i). Calculate the greatest common divisor of 6 and o.
6
Let g = 9 - -95. What is the greatest common factor of g and 13?
13
Let f(t) = -3*t. Let j be f(-1). Calculate the highest common factor of 3 and j.
3
Let b(a) = -19*a**3 + a. Let n be b(-1). Calculate the highest common factor of n and 180.
18
Suppose 6*w - 350 = -w. What is the highest common divisor of w and 10?
10
Suppose 213*o = 222*o - 27. Suppose 0 = -4*a + 3 + 9. Calculate the highest common divisor of a and o.
3
Let z = -8 - -12. Let k be 1 - (0 - -1) - 6. Let b(a) = -6*a + 8. Let x be b(k). Calculate the greatest common divisor of x and z.
4
Let k be (-1317)/5 - (-24)/60. Let f = -153 - k. Calculate the greatest common factor of f and 10.
10
Suppose -2*k = 4*k - 270. Calculate the highest common divisor of k and 495.
45
Let r(n) = n**3 + 25*n**2 - 4*n - 15. Let j be r(-25). Calculate the highest common divisor of j and 5.
5
Let t be (0/(-2))/(-2 + 3). Let d be -2 + (85 - -1) - t. Let y(m) = -2*m - 6. Let h be y(-9). Calculate the greatest common divisor of d and h.
12
Let u = -1 - 4. Let n = u - -9. Suppose 5*a + 5*g - 40 = 0, 0*a - 2*g = n*a - 40. What is the greatest common divisor of a and 48?
12
Let c = 8 - 0. Suppose 4*i - 24 = -o, -4*o + 5*i + 120 = o. Calculate the greatest common factor of o and c.
8
Suppose -z = -f - 21, 3*z = -f - 2*f + 81. Let x = z + -6. Calculate the greatest common factor of x and 144.
18
Let h be ((-1)/2)/(1/(-48)). Calculate the greatest common divisor of h and 12.
12
Suppose -5*o - 3*p = -0*o - 10, -2*p - 5 = o. Suppose -o*g + g - 32 = -4*m, m - 28 = 5*g. Let s = 9 + m. What is the highest common factor of s and 12?
12
Suppose -s = 0, 5*s + 3 + 5 = y. Calculate the greatest common factor of 88 and y.
8
Let c be -1*(1 + -2 - 2). Let h(s) = -4*s**2 + s - 3*s - 3 + 3*s**2 + s**c. Let w be h(3). What is the greatest common divisor of w and 1?
1
Suppose a - 12 = -2*a + 5*u, 5*a - 20 = 2*u. Suppose -a*n + 31 = -21. Suppose 3*t = -4*q + 19, 2*q - 1 = -t + 2. What is the greatest common factor of t and n?
13
Let k be (24 - 3/3) + 1. Calculate the highest common factor of 36 and k.
12
Let o(y) = y**3 - y**2 - 3*y + 2. Suppose -9 = -i - 2*i. Let m be o(i). What is the greatest common factor of 11 and m?
11
Let r(m) = m**3 + 5*m**2 - 7. Let k be r(-3). Calculate the greatest common factor of k and 55.
11
Let m(c) = 2*c**2 + c + 2. Let o be m(-2). Let a = o + -5. What is the highest common factor of a and 33?
3
Suppose 0*f = 2*f - 180. Let r = 138 - 102. Calculate the greatest common factor of r and f.
18
Let s be 0 - (-4 + 44)/(-2). What is the greatest common divisor of 140 and s?
20
Let y = 2 + 1. Suppose y*t = -9, -d + 0*t = t - 32. What is the highest common factor of 7 and d?
7
Let a(q) = q**2 + 9*q - 2. Suppose -3*g - 33 = 3. Let m be a(g). Calculate the highest common factor of 85 and m.
17
Let o = 4 + -15. Let k = o + 17. Suppose -j = l - k, -j + 26 = 2*j - l. Calculate the highest common factor of 80 and j.
8
Let o be 38 + (-3 - -6) + 1. Let d be 20/(-6)*o/(-35). Calculate the highest common divisor of d and 4.
4
Let x be -3 - (2 + 0)*(10 - 18). What is the greatest common factor of x and 13?
13
Suppose 0 = 6*b - 2*b - 64. What is the greatest common divisor of b and 112?
16
Let b(n) = 11*n**2 + 4*n - 1. Let k be b(1). Calculate the highest common divisor of k and 42.
14
Let s(a) = -a**3 - 8*a**2 - 7*a - 3. Let b be s(-8). Suppose -15 = -2*p - 3*j + 14, -5*j - b = -3*p. What is the greatest common divisor of p and 64?
16
Let k(f) be the second derivative of -5/3*f**3 + f**2 + 2*f + 0. Let q be k(-4). What is the greatest common divisor of 14 and q?
14
Suppose 2*v + 4 = 3*v. Let q = -20 - -21. What is the greatest common divisor of v and q?
1
Suppose -45 = x - 49. What is the highest common factor of 28 and x?
4
Let b(y) = -y**2 - 32*y - 47. Let i be b(-30). Calculate the highest common divisor of 26 and i.
13
Suppose 0 = -2*v + 4*m + 118, -122 = -3*v - m - 4*m. Let d = v + -19. What is the highest common divisor of 10 and d?
10
Suppose 1 + 4 = -a. Let k = a - -9. Let z be k/(-10) + 60/25. What is the highest common factor of z and 3?
1
Let l = 15 - 12. Suppose -4*p = -f + 212, 0*p = -l*f + p + 647. What is the highest common factor of 24 and f?
24
Let w(c) = -c**2 - 7*c + 11. Suppose -6 = 3*z + 18. Let u be w(z). Suppose -v - 3 = 0, 5*h + 27 = u*v + 136. Calculate the highest common factor of h and 5.
5
Suppose -5*m + 47 = 3*h - 25, -4*m - 4*h + 64 = 0. What is the highest common factor of m and 4?
4
Let c(f) = f**3 - 6*f**2 - 12*f + 9. Let k be c(8). Suppose -k + 6 = -5*p. Suppose i + p = 19. Calculate the highest common divisor of i and 12.
12
Suppose s - 146 = 4*y, 4*y = -2*s - y + 344. What is the greatest common divisor of s and 18?
18
Suppose 101 = 3*p - 178. Suppose 2*j - 32 - 92 = 0. What is the greatest common divisor of p and j?
31
Let w = 24 + -6. What is the highest common factor of w and 162?
18
Let s = 10 + -4. Let k = -17 - -71. Calculate the highest common divisor of s and k.
6
Suppose -n + 20 = -5*n. Let t be -56*((-10)/(-4))/n. Let a(u) = -u**3 - u**2 + u + 70. Let g be a(0). What is the highest common factor of g and t?
14
Suppose -3*w = m - 403 + 152, 4*w = 5*m + 360. Suppose g - 5 = 12. What is the highest common divisor of w and g?
17
Suppose -3*n = -4*n + 6. Let o(a) = a**2 - 5*a - 7. Let q be o(n). Let x be (2 - (q - -4)) + 14. What is the highest common factor of 26 and x?
13
Let t = -42 - -66. What is the highest common divisor of t and 16?
8
Suppose 5*d = -5*x + 25, 0 = 5*d + 5*x - x - 26. Let r = 19 - -5. Suppose -r = -c - c. What is the highest common factor of c and d?
6
Let l = 299 + -178. Suppose 4*y = 5*g - 92, -3*g = -3*y + 2*y - 58. Let k = g - 9. Calculate